{"id":9,"date":"2025-12-03T11:02:56","date_gmt":"2025-12-03T11:02:56","guid":{"rendered":"https:\/\/mogodemo.harrykrauze.com\/?page_id=9"},"modified":"2025-12-03T11:58:53","modified_gmt":"2025-12-03T11:58:53","slug":"elementor-9","status":"publish","type":"page","link":"https:\/\/mogodemo.harrykrauze.com\/","title":{"rendered":"Elementor #9"},"content":{"rendered":"\t\t<div data-elementor-type=\"wp-page\" data-elementor-id=\"9\" class=\"elementor elementor-9\">\n\t\t\t\t<div class=\"elementor-element elementor-element-c8a5882 e-con-full e-flex e-con e-parent\" data-id=\"c8a5882\" data-element_type=\"container\" data-e-type=\"container\" data-settings=\"{&quot;background_background&quot;:&quot;classic&quot;}\">\n\t\t\t\t<div class=\"elementor-element elementor-element-15bafab elementor-widget elementor-widget-heading\" data-id=\"15bafab\" data-element_type=\"widget\" data-e-type=\"widget\" data-widget_type=\"heading.default\">\n\t\t\t\t\t<h1 class=\"elementor-heading-title elementor-size-default\">LATVIJAS \u010cEMPIONU M\u0100JVIETA<\/h1>\t\t\t\t<\/div>\n\t\t\t\t<div class=\"elementor-element elementor-element-a8d069b elementor-widget elementor-widget-heading\" data-id=\"a8d069b\" data-element_type=\"widget\" data-e-type=\"widget\" data-widget_type=\"heading.default\">\n\t\t\t\t\t<h2 class=\"elementor-heading-title elementor-size-default\">HK MOGO \/ RSU<\/h2>\t\t\t\t<\/div>\n\t\t\t\t<div class=\"elementor-element elementor-element-c44abd3 elementor-align-center elementor-widget elementor-widget-button\" data-id=\"c44abd3\" data-element_type=\"widget\" data-e-type=\"widget\" data-widget_type=\"button.default\">\n\t\t\t\t\t\t\t\t\t\t<a class=\"elementor-button elementor-button-link elementor-size-sm\" href=\"#\">\n\t\t\t\t\t\t<span class=\"elementor-button-content-wrapper\">\n\t\t\t\t\t\t\t\t\t<span class=\"elementor-button-text\">REZERV\u0112T LEDU<\/span>\n\t\t\t\t\t<\/span>\n\t\t\t\t\t<\/a>\n\t\t\t\t\t\t\t\t<\/div>\n\t\t\t\t<\/div>\n\t\t<div class=\"elementor-element elementor-element-04007c4 e-grid e-con-boxed e-con e-parent\" data-id=\"04007c4\" data-element_type=\"container\" data-e-type=\"container\">\n\t\t\t\t\t<div class=\"e-con-inner\">\n\t\t\t\t<div class=\"elementor-element elementor-element-88376bd elementor-widget elementor-widget-heading\" data-id=\"88376bd\" data-element_type=\"widget\" data-e-type=\"widget\" data-widget_type=\"heading.default\">\n\t\t\t\t\t<h3 class=\"elementor-heading-title elementor-size-default\">PUBLISK\u0100 SLIDO\u0160ANA<\/h3>\t\t\t\t<\/div>\n\t\t\t\t<div class=\"elementor-element elementor-element-bae2545 elementor-widget elementor-widget-heading\" data-id=\"bae2545\" data-element_type=\"widget\" data-e-type=\"widget\" data-widget_type=\"heading.default\">\n\t\t\t\t\t<h3 class=\"elementor-heading-title elementor-size-default\">HOKEJA SKOLA \"FALCONS\"<\/h3>\t\t\t\t<\/div>\n\t\t\t\t<div class=\"elementor-element elementor-element-278d640 elementor-widget elementor-widget-heading\" data-id=\"278d640\" data-element_type=\"widget\" data-e-type=\"widget\" data-widget_type=\"heading.default\">\n\t\t\t\t\t<h3 class=\"elementor-heading-title elementor-size-default\">KAFEJN\u012aCA<\/h3>\t\t\t\t<\/div>\n\t\t\t\t\t<\/div>\n\t\t\t\t<\/div>\n\t\t<div class=\"elementor-element elementor-element-a5717dc e-grid e-con-boxed e-con e-parent\" data-id=\"a5717dc\" data-element_type=\"container\" data-e-type=\"container\">\n\t\t\t\t\t<div class=\"e-con-inner\">\n\t\t\t\t<div class=\"elementor-element elementor-element-7e84222 elementor-widget elementor-widget-image\" data-id=\"7e84222\" data-element_type=\"widget\" data-e-type=\"widget\" data-widget_type=\"image.default\">\n\t\t\t\t\t\t\t\t\t\t\t\t\t\t\t<img fetchpriority=\"high\" decoding=\"async\" width=\"825\" height=\"1024\" src=\"https:\/\/mogodemo.harrykrauze.com\/wp-content\/uploads\/2025\/12\/weavy-Gemini-3-Nano-Banana-Pro-2025-12-03-at-11.19.21-825x1024.webp\" class=\"attachment-large size-large wp-image-26\" alt=\"\" srcset=\"https:\/\/mogodemo.harrykrauze.com\/wp-content\/uploads\/2025\/12\/weavy-Gemini-3-Nano-Banana-Pro-2025-12-03-at-11.19.21-825x1024.webp 825w, https:\/\/mogodemo.harrykrauze.com\/wp-content\/uploads\/2025\/12\/weavy-Gemini-3-Nano-Banana-Pro-2025-12-03-at-11.19.21-242x300.webp 242w, https:\/\/mogodemo.harrykrauze.com\/wp-content\/uploads\/2025\/12\/weavy-Gemini-3-Nano-Banana-Pro-2025-12-03-at-11.19.21-768x953.webp 768w, https:\/\/mogodemo.harrykrauze.com\/wp-content\/uploads\/2025\/12\/weavy-Gemini-3-Nano-Banana-Pro-2025-12-03-at-11.19.21-1237x1536.webp 1237w, https:\/\/mogodemo.harrykrauze.com\/wp-content\/uploads\/2025\/12\/weavy-Gemini-3-Nano-Banana-Pro-2025-12-03-at-11.19.21-1650x2048.webp 1650w\" sizes=\"(max-width: 825px) 100vw, 825px\" \/>\t\t\t\t\t\t\t\t\t\t\t\t\t\t\t<\/div>\n\t\t\t\t<div class=\"elementor-element elementor-element-c29c24f elementor-widget elementor-widget-image\" data-id=\"c29c24f\" data-element_type=\"widget\" data-e-type=\"widget\" data-widget_type=\"image.default\">\n\t\t\t\t\t\t\t\t\t\t\t\t\t\t\t<img decoding=\"async\" width=\"825\" height=\"1024\" src=\"https:\/\/mogodemo.harrykrauze.com\/wp-content\/uploads\/2025\/12\/Falcons-weavy-Gemini-3-Nano-Banana-Pro-2025-12-03-at-06.48.48-825x1024.webp\" class=\"attachment-large size-large wp-image-20\" alt=\"\" srcset=\"https:\/\/mogodemo.harrykrauze.com\/wp-content\/uploads\/2025\/12\/Falcons-weavy-Gemini-3-Nano-Banana-Pro-2025-12-03-at-06.48.48-825x1024.webp 825w, https:\/\/mogodemo.harrykrauze.com\/wp-content\/uploads\/2025\/12\/Falcons-weavy-Gemini-3-Nano-Banana-Pro-2025-12-03-at-06.48.48-242x300.webp 242w, https:\/\/mogodemo.harrykrauze.com\/wp-content\/uploads\/2025\/12\/Falcons-weavy-Gemini-3-Nano-Banana-Pro-2025-12-03-at-06.48.48-768x953.webp 768w, https:\/\/mogodemo.harrykrauze.com\/wp-content\/uploads\/2025\/12\/Falcons-weavy-Gemini-3-Nano-Banana-Pro-2025-12-03-at-06.48.48-1237x1536.webp 1237w, https:\/\/mogodemo.harrykrauze.com\/wp-content\/uploads\/2025\/12\/Falcons-weavy-Gemini-3-Nano-Banana-Pro-2025-12-03-at-06.48.48-1650x2048.webp 1650w\" sizes=\"(max-width: 825px) 100vw, 825px\" \/>\t\t\t\t\t\t\t\t\t\t\t\t\t\t\t<\/div>\n\t\t\t\t<div class=\"elementor-element elementor-element-794bf38 elementor-widget elementor-widget-image\" data-id=\"794bf38\" data-element_type=\"widget\" data-e-type=\"widget\" data-widget_type=\"image.default\">\n\t\t\t\t\t\t\t\t\t\t\t\t\t\t\t<img decoding=\"async\" width=\"825\" height=\"1024\" src=\"https:\/\/mogodemo.harrykrauze.com\/wp-content\/uploads\/2025\/12\/1-weavy-Gemini-3-Nano-Banana-Pro-2025-12-02-at-22.51.15-825x1024.webp\" class=\"attachment-large size-large wp-image-27\" alt=\"\" srcset=\"https:\/\/mogodemo.harrykrauze.com\/wp-content\/uploads\/2025\/12\/1-weavy-Gemini-3-Nano-Banana-Pro-2025-12-02-at-22.51.15-825x1024.webp 825w, https:\/\/mogodemo.harrykrauze.com\/wp-content\/uploads\/2025\/12\/1-weavy-Gemini-3-Nano-Banana-Pro-2025-12-02-at-22.51.15-242x300.webp 242w, https:\/\/mogodemo.harrykrauze.com\/wp-content\/uploads\/2025\/12\/1-weavy-Gemini-3-Nano-Banana-Pro-2025-12-02-at-22.51.15-768x953.webp 768w, https:\/\/mogodemo.harrykrauze.com\/wp-content\/uploads\/2025\/12\/1-weavy-Gemini-3-Nano-Banana-Pro-2025-12-02-at-22.51.15-1237x1536.webp 1237w, https:\/\/mogodemo.harrykrauze.com\/wp-content\/uploads\/2025\/12\/1-weavy-Gemini-3-Nano-Banana-Pro-2025-12-02-at-22.51.15-1650x2048.webp 1650w\" sizes=\"(max-width: 825px) 100vw, 825px\" \/>\t\t\t\t\t\t\t\t\t\t\t\t\t\t\t<\/div>\n\t\t\t\t\t<\/div>\n\t\t\t\t<\/div>\n\t\t<div class=\"elementor-element elementor-element-cfeeb78 e-grid e-con-boxed e-con e-parent\" data-id=\"cfeeb78\" data-element_type=\"container\" data-e-type=\"container\">\n\t\t\t\t\t<div class=\"e-con-inner\">\n\t\t\t\t<div class=\"elementor-element elementor-element-412d738 elementor-widget elementor-widget-text-editor\" data-id=\"412d738\" data-element_type=\"widget\" data-e-type=\"widget\" data-widget_type=\"text-editor.default\">\n\t\t\t\t\t\t\t\t\t<p>Izbaudi slido\u0161anu uz profesion\u0101la ledus.<\/p>\t\t\t\t\t\t\t\t<\/div>\n\t\t\t\t<div class=\"elementor-element elementor-element-8149b59 elementor-widget elementor-widget-text-editor\" data-id=\"8149b59\" data-element_type=\"widget\" data-e-type=\"widget\" data-widget_type=\"text-editor.default\">\n\t\t\t\t\t\t\t\t\t<p>Uzaudzin\u0101m n\u0101kotnes \u010dempionus.<\/p>\t\t\t\t\t\t\t\t<\/div>\n\t\t\t\t<div class=\"elementor-element elementor-element-645dd34 elementor-widget elementor-widget-text-editor\" data-id=\"645dd34\" data-element_type=\"widget\" data-e-type=\"widget\" data-widget_type=\"text-editor.default\">\n\t\t\t\t\t\t\t\t\t<p>Gar\u0161\u012bga atp\u016bta ar skatu uz ledu.<\/p>\t\t\t\t\t\t\t\t<\/div>\n\t\t\t\t\t<\/div>\n\t\t\t\t<\/div>\n\t\t<div class=\"elementor-element elementor-element-2bc49d5 e-grid e-con-boxed e-con e-parent\" data-id=\"2bc49d5\" data-element_type=\"container\" data-e-type=\"container\">\n\t\t\t\t\t<div class=\"e-con-inner\">\n\t\t\t\t<div class=\"elementor-element elementor-element-a7635d3 elementor-widget elementor-widget-image\" data-id=\"a7635d3\" data-element_type=\"widget\" data-e-type=\"widget\" data-widget_type=\"image.default\">\n\t\t\t\t\t\t\t\t\t\t\t\t\t\t\t<img loading=\"lazy\" decoding=\"async\" width=\"765\" height=\"1024\" src=\"https:\/\/mogodemo.harrykrauze.com\/wp-content\/uploads\/2025\/12\/weavy-Gemini-3-Nano-Banana-Pro-2025-12-02-at-23.07.53-1-765x1024.webp\" class=\"attachment-large size-large wp-image-41\" alt=\"\" srcset=\"https:\/\/mogodemo.harrykrauze.com\/wp-content\/uploads\/2025\/12\/weavy-Gemini-3-Nano-Banana-Pro-2025-12-02-at-23.07.53-1-765x1024.webp 765w, https:\/\/mogodemo.harrykrauze.com\/wp-content\/uploads\/2025\/12\/weavy-Gemini-3-Nano-Banana-Pro-2025-12-02-at-23.07.53-1-224x300.webp 224w, https:\/\/mogodemo.harrykrauze.com\/wp-content\/uploads\/2025\/12\/weavy-Gemini-3-Nano-Banana-Pro-2025-12-02-at-23.07.53-1-768x1029.webp 768w, https:\/\/mogodemo.harrykrauze.com\/wp-content\/uploads\/2025\/12\/weavy-Gemini-3-Nano-Banana-Pro-2025-12-02-at-23.07.53-1-1147x1536.webp 1147w, https:\/\/mogodemo.harrykrauze.com\/wp-content\/uploads\/2025\/12\/weavy-Gemini-3-Nano-Banana-Pro-2025-12-02-at-23.07.53-1-1529x2048.webp 1529w, https:\/\/mogodemo.harrykrauze.com\/wp-content\/uploads\/2025\/12\/weavy-Gemini-3-Nano-Banana-Pro-2025-12-02-at-23.07.53-1-scaled.webp 1911w\" sizes=\"(max-width: 765px) 100vw, 765px\" \/>\t\t\t\t\t\t\t\t\t\t\t\t\t\t\t<\/div>\n\t\t\t\t<div class=\"elementor-element elementor-element-28bd360 elementor-widget elementor-widget-image\" data-id=\"28bd360\" data-element_type=\"widget\" data-e-type=\"widget\" data-widget_type=\"image.default\">\n\t\t\t\t\t\t\t\t\t\t\t\t\t\t\t<img loading=\"lazy\" decoding=\"async\" width=\"765\" height=\"1024\" src=\"https:\/\/mogodemo.harrykrauze.com\/wp-content\/uploads\/2025\/12\/Jakobsons-765x1024.webp\" class=\"attachment-large size-large wp-image-47\" alt=\"\" srcset=\"https:\/\/mogodemo.harrykrauze.com\/wp-content\/uploads\/2025\/12\/Jakobsons-765x1024.webp 765w, https:\/\/mogodemo.harrykrauze.com\/wp-content\/uploads\/2025\/12\/Jakobsons-224x300.webp 224w, https:\/\/mogodemo.harrykrauze.com\/wp-content\/uploads\/2025\/12\/Jakobsons-768x1029.webp 768w, https:\/\/mogodemo.harrykrauze.com\/wp-content\/uploads\/2025\/12\/Jakobsons-1147x1536.webp 1147w, https:\/\/mogodemo.harrykrauze.com\/wp-content\/uploads\/2025\/12\/Jakobsons-1529x2048.webp 1529w, https:\/\/mogodemo.harrykrauze.com\/wp-content\/uploads\/2025\/12\/Jakobsons-scaled.webp 1911w\" sizes=\"(max-width: 765px) 100vw, 765px\" \/>\t\t\t\t\t\t\t\t\t\t\t\t\t\t\t<\/div>\n\t\t\t\t\t<\/div>\n\t\t\t\t<\/div>\n\t\t<div class=\"elementor-element elementor-element-07d918d e-flex e-con-boxed e-con e-parent\" data-id=\"07d918d\" data-element_type=\"container\" data-e-type=\"container\" data-settings=\"{&quot;background_background&quot;:&quot;classic&quot;}\">\n\t\t\t\t\t<div class=\"e-con-inner\">\n\t\t\t\t<div class=\"elementor-element elementor-element-e601324 elementor-widget elementor-widget-heading\" data-id=\"e601324\" data-element_type=\"widget\" data-e-type=\"widget\" data-widget_type=\"heading.default\">\n\t\t\t\t\t<h4 class=\"elementor-heading-title elementor-size-default\">MOGO LEDUS HALLE<\/h4>\t\t\t\t<\/div>\n\t\t\t\t<div class=\"elementor-element elementor-element-85d067c elementor-widget elementor-widget-text-editor\" data-id=\"85d067c\" data-element_type=\"widget\" data-e-type=\"widget\" data-widget_type=\"text-editor.default\">\n\t\t\t\t\t\t\t\t\t<p>Br\u012bv\u012bbas gatve 335, R\u012bga +371 20279455 info@mogohalle.lv<\/p>\t\t\t\t\t\t\t\t<\/div>\n\t\t\t\t<div class=\"elementor-element elementor-element-a44f0c6 elementor-widget-divider--view-line elementor-widget elementor-widget-divider\" data-id=\"a44f0c6\" data-element_type=\"widget\" data-e-type=\"widget\" data-widget_type=\"divider.default\">\n\t\t\t\t\t\t\t<div class=\"elementor-divider\">\n\t\t\t<span class=\"elementor-divider-separator\">\n\t\t\t\t\t\t<\/span>\n\t\t<\/div>\n\t\t\t\t\t\t<\/div>\n\t\t\t\t<div class=\"elementor-element elementor-element-31870f2 elementor-widget elementor-widget-heading\" data-id=\"31870f2\" data-element_type=\"widget\" data-e-type=\"widget\" data-widget_type=\"heading.default\">\n\t\t\t\t\t<h6 class=\"elementor-heading-title elementor-size-default\">\u0122ENER\u0100LSPONSORI<\/h6>\t\t\t\t<\/div>\n\t\t\t\t<div class=\"elementor-element elementor-element-5472148 elementor-widget elementor-widget-heading\" data-id=\"5472148\" data-element_type=\"widget\" data-e-type=\"widget\" data-widget_type=\"heading.default\">\n\t\t\t\t\t<h3 class=\"elementor-heading-title elementor-size-default\">MOGO | MODULS ENGINEERING<\/h3>\t\t\t\t<\/div>\n\t\t\t\t<div class=\"elementor-element elementor-element-040c88d elementor-widget elementor-widget-text-editor\" data-id=\"040c88d\" data-element_type=\"widget\" data-e-type=\"widget\" data-widget_type=\"text-editor.default\">\n\t\t\t\t\t\t\t\t\t<p>\u00a9 2025 Mogo Halle. Visas ties\u012bbas aizsarg\u0101tas<\/p>\t\t\t\t\t\t\t\t<\/div>\n\t\t\t\t\t<\/div>\n\t\t\t\t<\/div>\n\t\t\t\t<\/div>\n\t\t","protected":false},"excerpt":{"rendered":"<p>LATVIJAS \u010cEMPIONU M\u0100JVIETA HK MOGO \/ RSU REZERV\u0112T LEDU PUBLISK\u0100 SLIDO\u0160ANA HOKEJA SKOLA &#8220;FALCONS&#8221; KAFEJN\u012aCA Izbaudi slido\u0161anu uz profesion\u0101la ledus. [&hellip;]<\/p>\n","protected":false},"author":1,"featured_media":0,"parent":0,"menu_order":0,"comment_status":"closed","ping_status":"closed","template":"elementor_header_footer","meta":{"site-sidebar-layout":"no-sidebar","site-content-layout":"","ast-site-content-layout":"full-width-container","site-content-style":"default","site-sidebar-style":"default","ast-global-header-display":"","ast-banner-title-visibility":"","ast-main-header-display":"","ast-hfb-above-header-display":"","ast-hfb-below-header-display":"","ast-hfb-mobile-header-display":"","site-post-title":"","ast-breadcrumbs-content":"","ast-featured-img":"disabled","footer-sml-layout":"","ast-disable-related-posts":"","theme-transparent-header-meta":"","adv-header-id-meta":"","stick-header-meta":"","header-above-stick-meta":"","header-main-stick-meta":"","header-below-stick-meta":"","astra-migrate-meta-layouts":"default","ast-page-background-enabled":"default","ast-page-background-meta":{"desktop":{"background-color":"var(--ast-global-color-5)","background-image":"","background-repeat":"repeat","background-position":"center center","background-size":"auto","background-attachment":"scroll","background-type":"","background-media":"","overlay-type":"","overlay-color":"","overlay-opacity":"","overlay-gradient":""},"tablet":{"background-color":"","background-image":"","background-repeat":"repeat","background-position":"center center","background-size":"auto","background-attachment":"scroll","background-type":"","background-media":"","overlay-type":"","overlay-color":"","overlay-opacity":"","overlay-gradient":""},"mobile":{"background-color":"","background-image":"","background-repeat":"repeat","background-position":"center center","background-size":"auto","background-attachment":"scroll","background-type":"","background-media":"","overlay-type":"","overlay-color":"","overlay-opacity":"","overlay-gradient":""}},"ast-content-background-meta":{"desktop":{"background-color":"var(--ast-global-color-4)","background-image":"","background-repeat":"repeat","background-position":"center center","background-size":"auto","background-attachment":"scroll","background-type":"","background-media":"","overlay-type":"","overlay-color":"","overlay-opacity":"","overlay-gradient":""},"tablet":{"background-color":"var(--ast-global-color-4)","background-image":"","background-repeat":"repeat","background-position":"center center","background-size":"auto","background-attachment":"scroll","background-type":"","background-media":"","overlay-type":"","overlay-color":"","overlay-opacity":"","overlay-gradient":""},"mobile":{"background-color":"var(--ast-global-color-4)","background-image":"","background-repeat":"repeat","background-position":"center center","background-size":"auto","background-attachment":"scroll","background-type":"","background-media":"","overlay-type":"","overlay-color":"","overlay-opacity":"","overlay-gradient":""}},"footnotes":""},"class_list":["post-9","page","type-page","status-publish","hentry"],"_links":{"self":[{"href":"https:\/\/mogodemo.harrykrauze.com\/index.php\/wp-json\/wp\/v2\/pages\/9","targetHints":{"allow":["GET"]}}],"collection":[{"href":"https:\/\/mogodemo.harrykrauze.com\/index.php\/wp-json\/wp\/v2\/pages"}],"about":[{"href":"https:\/\/mogodemo.harrykrauze.com\/index.php\/wp-json\/wp\/v2\/types\/page"}],"author":[{"embeddable":true,"href":"https:\/\/mogodemo.harrykrauze.com\/index.php\/wp-json\/wp\/v2\/users\/1"}],"replies":[{"embeddable":true,"href":"https:\/\/mogodemo.harrykrauze.com\/index.php\/wp-json\/wp\/v2\/comments?post=9"}],"version-history":[{"count":67,"href":"https:\/\/mogodemo.harrykrauze.com\/index.php\/wp-json\/wp\/v2\/pages\/9\/revisions"}],"predecessor-version":[{"id":90,"href":"https:\/\/mogodemo.harrykrauze.com\/index.php\/wp-json\/wp\/v2\/pages\/9\/revisions\/90"}],"wp:attachment":[{"href":"https:\/\/mogodemo.harrykrauze.com\/index.php\/wp-json\/wp\/v2\/media?parent=9"}],"curies":[{"name":"wp","href":"https:\/\/api.w.org\/{rel}","templated":true}]}}